{"id":878,"date":"2023-06-26T10:49:06","date_gmt":"2023-06-26T03:49:06","guid":{"rendered":"http:\/\/metapro.com.vn\/?post_type=product&#038;p=878"},"modified":"2023-07-09T21:58:13","modified_gmt":"2023-07-09T14:58:13","slug":"thep-ma-dien","status":"publish","type":"product","link":"https:\/\/metapro.com.vn\/?product=thep-ma-dien&lang=vi","title":{"rendered":"Th\u00e9p m\u1ea1 k\u1ebdm \u0111i\u1ec7n ph\u00e2n"},"content":{"rendered":"<h2 class=\"proinfo-title t-text-2 t-title-6 mb-20\">Th\u00f4ng tin s\u1ea3n ph\u1ea9m<\/h2>\n<table style=\"border-collapse: collapse; width: 100%; height: 126px;\">\n<tbody>\n<tr style=\"height: 21px;\">\n<td style=\"width: 50%; height: 20px;\">Ngu\u1ed3n g\u1ed1c:<\/td>\n<td style=\"width: 50%; height: 20px;\">Vi\u1ec7t Nam, Nh\u1eadt B\u1ea3n, Trung Qu\u1ed1c, H\u00e0n Qu\u1ed1c&#8230;<\/td>\n<\/tr>\n<tr style=\"height: 21px;\">\n<td style=\"width: 50%; height: 22px;\">Nguy\u00ean li\u1ec7u:<\/td>\n<td style=\"width: 50%; height: 22px;\">SGCC, SGCD1, SGCH, SGHC&#8230;<\/td>\n<\/tr>\n<tr style=\"height: 21px;\">\n<td style=\"width: 50%; height: 21px;\">Kh\u1ed5 r\u1ed9ng:<\/td>\n<td style=\"width: 50%; height: 21px;\">600-1300mm<\/td>\n<\/tr>\n<tr style=\"height: 21px;\">\n<td style=\"width: 50%; height: 21px;\">\u0110\u1ed9 d\u00e0y:<\/td>\n<td style=\"width: 50%; height: 21px;\">T\u1ed1i thi\u1ec3u 0.3mm<\/td>\n<\/tr>\n<tr style=\"height: 21px;\">\n<td style=\"width: 50%; height: 21px;\">Lo\u1ea1i:<\/td>\n<td style=\"width: 50%; height: 21px;\">Ch\u00ednh ph\u1ea9m, Lo\u1ea1i 2<\/td>\n<\/tr>\n<tr style=\"height: 21px;\">\n<td style=\"width: 50%; height: 21px;\">Ti\u00eau chu\u1ea9n:<\/td>\n<td style=\"width: 50%; height: 21px;\">JIS, ASTM, GB, TCVN&#8230;<\/td>\n<\/tr>\n<\/tbody>\n<\/table>\n<h2 class=\"proinfo-title t-text-2 t-title-6 mb-20\"><\/h2>\n","protected":false},"excerpt":{"rendered":"<p>\u1ee8ng d\u1ee5ng:<\/p>\n<ul>\n<li>X\u00e2y d\u1ef1ng<\/li>\n<li>Ng\u00e0nh gia d\u1ee5ng: Tivi, T\u1ee7 l\u1ea1nh, M\u00e1y gi\u1eb7t\u2026<\/li>\n<li>Ng\u00e0nh v\u0103n ph\u00f2ng: M\u00e1y in, M\u00e1y fax, \u0110i\u1ec7n tho\u1ea1i\u2026<\/li>\n<li>K\u1ef9 thu\u1eadt cao: Robot, T\u00ean l\u1eeda<\/li>\n<\/ul>\n","protected":false},"featured_media":939,"comment_status":"open","ping_status":"closed","template":"","meta":{"inline_featured_image":false},"product_cat":[94],"product_tag":[],"class_list":{"0":"post-878","1":"product","2":"type-product","3":"status-publish","4":"has-post-thumbnail","6":"product_cat-thep-cuon-thep-tam","8":"first","9":"instock","10":"shipping-taxable","11":"product-type-simple"},"_links":{"self":[{"href":"https:\/\/metapro.com.vn\/index.php?rest_route=\/wp\/v2\/product\/878","targetHints":{"allow":["GET"]}}],"collection":[{"href":"https:\/\/metapro.com.vn\/index.php?rest_route=\/wp\/v2\/product"}],"about":[{"href":"https:\/\/metapro.com.vn\/index.php?rest_route=\/wp\/v2\/types\/product"}],"replies":[{"embeddable":true,"href":"https:\/\/metapro.com.vn\/index.php?rest_route=%2Fwp%2Fv2%2Fcomments&post=878"}],"wp:featuredmedia":[{"embeddable":true,"href":"https:\/\/metapro.com.vn\/index.php?rest_route=\/wp\/v2\/media\/939"}],"wp:attachment":[{"href":"https:\/\/metapro.com.vn\/index.php?rest_route=%2Fwp%2Fv2%2Fmedia&parent=878"}],"wp:term":[{"taxonomy":"product_cat","embeddable":true,"href":"https:\/\/metapro.com.vn\/index.php?rest_route=%2Fwp%2Fv2%2Fproduct_cat&post=878"},{"taxonomy":"product_tag","embeddable":true,"href":"https:\/\/metapro.com.vn\/index.php?rest_route=%2Fwp%2Fv2%2Fproduct_tag&post=878"}],"curies":[{"name":"wp","href":"https:\/\/api.w.org\/{rel}","templated":true}]}}